, 547, 76147
What are the prime factors of 1117403964?
2, 3, 71, 145723
List the prime factors of 1211365728.
2, 3, 29, 43, 3373
List the prime factors of 264624764.
2, 66156191
What are the prime factors of 599612325?
3, 5, 13, 733, 839
What are the prime factors of 61662862?
2, 23, 1340497
What are the prime factors of 311602168?
2, 38950271
List the prime factors of 4790479168.
2, 167, 523, 857
What are the prime factors of 198702178?
2, 1321, 75209
List the prime factors of 57781255.
5, 7, 1213, 1361
List the prime factors of 3103946410.
2, 5, 41, 7570601
What are the prime factors of 12602721?
3, 47, 89381
List the prime factors of 1035123252.
2, 3, 86260271
List the prime factors of 46420462.
2, 11, 2110021
List the prime factors of 3541585823.
43, 8093, 10177
List the prime factors of 340284138.
2, 3, 17, 617, 5407
What are the prime factors of 108330082?
2, 7, 271, 4079
List the prime factors of 13146910.
2, 5, 7, 293, 641
What are the prime factors of 1304629754?
2, 821, 794537
What are the prime factors of 528555007?
17, 31091471
List the prime factors of 110480257.
110480257
What are the prime factors of 1340972696?
2, 7, 197, 121553
List the prime factors of 183201637.
173, 251, 4219
What are the prime factors of 679503931?
43, 15802417
List the prime factors of 5663523101.
61, 71, 1307671
What are the prime factors of 175465747?
29, 6050543
What are the prime factors of 338963753?
439, 772127
List the prime factors of 124472728.
2, 97, 160403
What are the prime factors of 1429323024?
2, 3, 37, 127, 6337
List the prime factors of 626576703.
3, 223, 936587
What are the prime factors of 451973003?
73, 6191411
What are the prime factors of 8472442716?
2, 3, 59, 3988909
List the prime factors of 191986431.
3, 7, 13, 19, 37013
List the prime factors of 14976247.
11, 13, 104729
What are the prime factors of 587017977?
3, 7, 13, 19, 113171
What are the prime factors of 153295246?
2, 13, 5895971
What are the prime factors of 136639041?
3, 7, 11, 31, 19081
List the prime factors of 629555282.
2, 233, 1350977
List the prime factors of 36947564.
2, 1201, 7691
What are the prime factors of 49248891?
3, 608011
What are the prime factors of 39283147?
39283147
What are the prime factors of 3142843206?
2, 3, 6733, 77797
List the prime factors of 78810316.
2, 13, 1515583
List the prime factors of 723955442.
2, 7, 19, 61, 44617
List the prime factors of 283396589.
7, 40485227
What are the prime factors of 625994043?
3, 17, 43, 285451
What are the prime factors of 4816817?
43, 112019
What are the prime factors of 1232921611?
1237, 996703
List the prime factors of 6100843522.
2, 67, 45528683
What are the prime factors of 1779831284?
2, 7, 11, 5778673
What are the prime factors of 199946171?
199946171
List the prime factors of 122369900.
2, 5, 73, 16763
What are the prime factors of 452182936?
2, 389, 145303
What are the prime factors of 74764698?
2, 3, 199, 62617
What are the prime factors of 37792636?
2, 7, 1349737
What are the prime factors of 1310292165?
3, 5, 7, 13, 959921
What are the prime factors of 851976917?
11, 77452447
What are the prime factors of 14458610?
2, 5, 47, 30763
What are the prime factors of 31978940?
2, 5, 7, 228421
List the prime factors of 934799705.
5, 7, 3815509
What are the prime factors of 92514862?
2, 11, 733, 5737
What are the prime factors of 143581864?
2, 17, 313, 3373
List the prime factors of 604480203.
3, 17, 277, 839
What are the prime factors of 294584895?
3, 5, 11, 251, 2371
What are the prime factors of 58433611?
58433611
List the prime factors of 3056354658.
2, 3, 7, 1951, 12433
What are the prime factors of 58203557?
73, 797309
What are the prime factors of 150242911?
7, 13, 79, 20899
List the prime factors of 166096465.
5, 191, 173923
What are the prime factors of 61516509?
3, 19, 467, 2311
List the prime factors of 951867560.
2, 5, 7, 1303, 2609
List the prime factors of 112649814.
2, 3, 23, 107, 2543
What are the prime factors of 2151860965?
5, 167, 2577079
What are the prime factors of 46510010?
2, 5, 4651001
What are the prime factors of 27772898?
2, 13886449
List the prime factors of 1965855220.
2, 5, 7, 59, 237997
List the prime factors of 5614478889.
3, 1871492963
What are the prime factors of 56357599?
71, 793769
What are the prime factors of 7841814458?
2, 433, 9055213
What are the prime factors of 98267531?
17, 5780443
What are the prime factors of 5686431872?
2, 11, 19, 212561
List the prime factors of 1665982012.
2, 11981, 34763
What are the prime factors of 1126422206?
2, 7, 13, 6189133
What are the prime factors of 81268733?
7, 13, 307, 2909
List the prime factors of 333412267.
6829, 48823
What are the prime factors of 41552796?
2, 3, 829, 4177
List the prime factors of 112515674.
2, 1801, 31237
What are the prime factors of 104072488?
2, 13, 1000697
What are the prime factors of 542726627?
71, 7644037
List the prime factors of 95648116.
2, 23912029
What are the prime factors of 48299446?
2, 13, 1857671
What are the prime factors of 1913076253?
11, 1823, 95401
What are the prime factors of 51950331?
3, 37, 156007
What are the prime factors of 2156421688?
2, 211, 1277501
List the prime factors of 2317390506.
2, 3, 67, 233, 2749
What are the prime factors of 33641802?
2, 3, 1868989
What are the prime factors of 2188044576?
2, 3, 844153
What are the prime factors of 41225958?
2, 3, 193, 11867
List the prime factors of 1481098996.
2, 13, 28482673
What are the prime factors of 167827498?
2, 191, 439339
List the prime factors of 213133746.
2, 3, 7, 1627, 3119
List the prime factors of 3813832384.
2, 313, 190387
List the prime factors of 909339977.
7, 13, 859, 11633
What are the prime factors of 2973925284?
2, 3, 11, 281, 80177
List the prime factors of 139588223.
29, 89, 54083
What are the prime factors of 303027744?
2, 3, 593, 5323
What are the prime factors of 1351970023?
19, 61, 1166497
List the prime factors of 105400624.
2, 7, 929, 1013
What are the prime factors of 2888122331?
359, 389, 20681
List the prime factors of 65417232.
2, 3, 47, 107, 271
List the prime factors of 547544457.
3, 73, 337, 2473
What are the prime factors of 1719164313?
3, 191018257
What are the prime factors of 2310315894?
2, 3, 3067, 41849
What are the prime factors of 6281181?
3, 697909
List the prime factors of 151861789.
1151, 131939
What are the prime factors of 157537805?
5, 31507561
What are the prime factors of 2782416983?
37, 101, 744559
What are the prime factors of 37651334?
2, 7, 2689381
List the prime factors of 2607002043.
3, 869000681
What are the prime factors of 84040616?
2, 11, 37, 53, 487
What are the prime factors of 520693151?
11, 173, 273617
List the prime factors of 235214231.
7, 61, 149, 3697
List the prime factors of 1246111905.
3, 5, 83074127
List the prime factors of 50190569.
11, 13, 350983
What are the prime factors of 419699314?
2, 463, 453239
What are the prime factors of 1729618?
2, 11, 29, 2711
What are the prime factors of 153396381?
3, 51132127
List the prime factors of 575414269.
37, 53, 139, 2111
List the prime factors of 1254068582.
2, 13, 48233407
What are the prime factors of 40146148?
2, 7, 317, 4523
List the prime factors of 1294875881.
13, 743, 134059
What are the prime factors of 995696295?
3, 5, 11, 29, 18917
List the prime factors of 34749892.
2, 641, 13553
What are the prime factors of 5989615225?
5, 11, 229, 95111
List the prime factors of 64334352.
2, 3, 47, 28517
List the prime factors of 20206653.
3, 367, 18353
What are the prime factors of 1566333445?
5, 149, 2102461
List the prime factors of 2686972238.
2, 1343486119
What are the prime factors of 8609107171?
7, 47, 3163, 8273
What are the prime factors of 55676384?
2, 19, 91573
What are the prime factors of 153308327?
3137, 48871
What are the prime factors of 119332827?
3, 631, 21013
What are the prime factors of 24740917?
41, 97, 6221
What are the prime factors of 182890573?
17, 10758269
What are the prime factors of 110795249?
110795249
List the prime factors of 351168563.
351168563
List the prime factors of 11946305.
5, 7, 341323
List the prime factors of 511460857.
83, 6162179
What are the prime factors of 24867539?
173, 143743
What are the prime factors of 63293296?
2, 11, 359621
What are the prime factors of 2